 = -0*v. Suppose 0 = p - 3*p + v. List the prime factors of p.
3, 5
Let g(x) be the first derivative of 25*x**2/2 - 2*x + 3. Let q be g(2). Suppose -4*u = -q + 4. What are the prime factors of u?
11
Let p(x) = -6*x + x**3 + 2 + 4*x + 0*x + 3*x**2. Suppose 10 = s - 6*s, -h + 5*s = -12. List the prime factors of p(h).
2, 3
Suppose 4*u - 18 = -3*r, u + 5*r + 2 = 5*u. What are the prime factors of u?
3
Let p = -99 - -272. What are the prime factors of p?
173
Let b = -137 + 67. What are the prime factors of 20/b - (-324)/7?
2, 23
Let u(j) = j**3 + 10*j**2 + 6*j - 12. List the prime factors of u(-6).
2, 3
Let b = 88 + -34. What are the prime factors of b?
2, 3
List the prime factors of (5 - 23/5)*15*7.
2, 3, 7
Suppose 3*j + 4 = 4*j. Suppose -2 = -j*o + 110. What are the prime factors of o?
2, 7
Suppose -v - 500 = 4*v. Let n = 140 + v. What are the prime factors of n?
2, 5
Suppose 4*k - 65 = -k. Suppose -s + k = 2*g - 1, -2*s + 40 = g. What are the prime factors of s?
2, 11
Let j(k) be the first derivative of 3*k**2/2 - 10*k + 5. Let n be 14/(1*-2)*-1. What are the prime factors of j(n)?
11
Suppose -5*j - 16 = -2*h, 2*h + 4*j - 2 + 4 = 0. Suppose -3 = h*g, 0*m + m = g + 3. Suppose 3*t - i - 6 = 2*t, 4*i = m*t - 16. What are the prime factors of t?
2
Let a be 50 + 3/(-2 + 5). Let n = a - 14. Let d = n + -21. List the prime factors of d.
2
Let s(l) = l**2 - l - 4. Let o be s(0). List the prime factors of o/16 - (-52)/16.
3
Let p(g) = 3*g + 5. Let n be p(6). Suppose 5*q + 4*i - 39 = 0, -4*q + q - 2*i + n = 0. List the prime factors of q.
7
Let x(f) = 7 - 2*f + 0*f - f**2 - 7*f. List the prime factors of x(-5).
3
Let f(d) = -d + 5. Let y be f(5). What are the prime factors of (-20 - -1)/(y - 1)?
19
Let m(q) = -q - 8. Let d be m(-6). Let s(i) = -23*i. List the prime factors of s(d).
2, 23
Let x(a) = 51*a**2 - a + 3. What are the prime factors of x(-2)?
11, 19
What are the prime factors of 2681/28 + (-1)/(-4)?
2, 3
Let m be 1 + 56 + (2 - 1). Suppose 0 = 2*f + 16 - 48. Suppose 0 = 5*z + 2*a - m, z = 3*a + a + f. List the prime factors of z.
2, 3
Let q(k) = 2*k**3 - 2*k. Let c = 5 + -3. List the prime factors of q(c).
2, 3
Let z = 25 + -14. List the prime factors of z.
11
Let u(o) = -o - 2. Let g be u(-7). Suppose 4*w + 8 = 2*c, g*c - 4*w - 42 = -5*w. What are the prime factors of c?
2
List the prime factors of -1 - (-11 + -6)/((-2)/(-14)).
2, 59
Let u(n) = -n**2 + 7*n + 3. Suppose -4*q = -3*t + q + 23, q = -2*t + 11. List the prime factors of u(t).
3
Suppose -2*w - 5*x + 32 = 0, -3*w + x = -10 - 21. Suppose 3*v - 2*v - w = 0. List the prime factors of v.
11
Let u(z) = -z + 9. Let r be u(6). Suppose -p - r*p = -200. List the prime factors of p.
2, 5
Let g(m) = 22*m**2 + 1. Let r be g(1). Suppose -5*h - 9 = 4*x - r, -4*x = -3*h + 34. List the prime factors of h.
2, 3
What are the prime factors of (18/(-3))/(-2) - (-80 - -1)?
2, 41
Let u be (-54)/(-4) - (-4)/(-8). Suppose 0 = -3*j - 4*r + u, 6*j - r = 2*j - 8. What are the prime factors of (-3)/j - (-4 - -2)?
5
Let g = -110 + 230. List the prime factors of g.
2, 3, 5
Suppose -c + 42 = -0*c. What are the prime factors of c?
2, 3, 7
Suppose 14*o - 824 - 2928 = 0. What are the prime factors of o?
2, 67
Let r(i) = i**2 + 3*i - 4. Let q be r(-5). Suppose -z = -3*z + q. Suppose 2 + 1 = z*l, -37 = -3*k - l. List the prime factors of k.
2, 3
Let k(o) = o**2. Suppose -3*z - 2*z = 10. Let m be k(z). Suppose -m*s + 18 = -6. What are the prime factors of s?
2, 3
Let m = -4 + -2. Let j be m*(3/(-3))/(-1). Let z(k) = -2*k - 7. What are the prime factors of z(j)?
5
Suppose 0 = -2*s + 6*s. Suppose -2*h + s*h - 2*n - 2 = 0, 0 = -3*h - 4*n - 7. What are the prime factors of (h/2)/(18/96)?
2
Suppose -2*t - 4*j + 5 = -11, 0 = 4*t + 2*j - 14. Suppose -3*v = -3*d - 141, t = 3*v + 11. List the prime factors of ((-18)/15)/(4/d).
3, 5
Let w = -114 - -120. What are the prime factors of w?
2, 3
List the prime factors of 122/2 + 3 + -5.
59
Suppose 2*a - 193 = -73. List the prime factors of a.
2, 3, 5
Let d(j) = -j**3 + 5*j**2 + 7*j - 3. Let t be d(6). List the prime factors of 22 - (-1 - -4 - t).
2, 11
Let t = 226 + -138. What are the prime factors of t?
2, 11
Let l(w) = -w. Let j be l(-1). Let c(h) = 12*h**3 + h**2 - h + 1. Let p be c(j). Suppose 0*r + p = r. List the prime factors of r.
13
Let i = 41 + -14. Suppose 5*q - 208 - i = 0. List the prime factors of q.
47
Suppose 7*l = 2*l + 4*o + 238, 3*o = 3*l - 141. Suppose -5*w = 5*i - l, -2*i + 7*i - 1 = 2*w. What are the prime factors of w?
7
Suppose 132 = 6*c - c - 4*i, -i = -3*c + 82. What are the prime factors of c?
2, 7
Let l(k) = k**3 + 7*k**2 - 4*k - 6. What are the prime factors of l(-7)?
2, 11
Suppose u = -4*d + 85, -4*u - 65 = -4*d - u. Let c = 73 - 29. Let b = c - d. List the prime factors of b.
2, 3
Let f(p) = 27*p + 9. What are the prime factors of f(10)?
3, 31
Let p be 8/5*(-15)/(-6). Let o = 8 - p. What are the prime factors of o?
2
Suppose 0 = -4*o + 7 + 1. List the prime factors of ((-12)/9)/(o/(-6)).
2
Suppose 2*v + 4*u = 60, -4*v + 42 = -4*u - 18. Let l = v + -7. What are the prime factors of l?
13
Let g(m) = m**3 + 5*m**2 - 5*m + 4. Let f be g(-6). Let n = f - 5. Let i(o) = -o**2 - 8*o - 3. List the prime factors of i(n).
2
Suppose 2*m + 11 = 3*q, -2*m + 5 = 3*m - q. Suppose 0 = l + m*l. List the prime factors of ((-2)/(-5) - l)*30.
2, 3
Suppose 0*u = -2*u + 24. Let i = u + -7. List the prime factors of i.
5
Suppose 1070 = 13*j - 8*j. What are the prime factors of j?
2, 107
Suppose 0 = 3*v - 0*v + 12. Let b be (-132)/(-16) + 1/v. What are the prime factors of b/(-16)*(-26 - 0)?
13
Let g(p) = -7*p - 5*p**2 + 7 + p**3 - 4*p + 5*p. Let f be 2/(-12) + (-37)/(-6). What are the prime factors of g(f)?
7
Suppose -2*k = s + 4*s - 706, 3*s - 429 = -3*k. Suppose -7*i + 3*i + s = 0. What are the prime factors of i?
5, 7
Suppose -4*s + 78 = 2*s. What are the prime factors of s?
13
Let u be (-28)/35*5/(-2). What are the prime factors of u - ((0 - 2) + -31)?
5, 7
Let i be (-2)/(-7) - (-149)/(-7). Let o = 42 + i. What are the prime factors of o?
3, 7
Suppose -r + 30 = r + 3*y, -2*r + 46 = -y. What are the prime factors of r?
3, 7
Suppose -j + 3*j + 3*v = 113, 0 = -j + v + 54. Suppose -2*b - s = -j, 0 = b + 4*s - 18 + 1. What are the prime factors of b?
29
Let o = -19 + 23. List the prime factors of o.
2
Suppose 5*t - t + 24 = 0. Let u be (18/(-21))/(2/(-14)). List the prime factors of t/(-2)*10/u.
5
What are the prime factors of (-1 + 0)/(2/(-552)) + -4?
2, 17
Let l(o) = o**2 - 2*o + 8. List the prime factors of l(0).
2
Let u(d) = d + 42. List the prime factors of u(-8).
2, 17
Let u = -25 + 45. What are the prime factors of (-21)/(-5) + (-4)/u?
2
Let c(p) = -2*p - 11. What are the prime factors of c(-12)?
13
Let r = -74 + 35. List the prime factors of (-891)/r - 2/(-13).
23
Let n(b) = 7*b + 6*b**2 + 9 + b**2 + b**3 - 9. List the prime factors of n(-5).
3, 5
Let d(r) = -r**2 + 5*r + 4. Let k be d(5). Suppose k*v - 175 = -v. Suppose -5*m + 15 = -v. What are the prime factors of m?
2, 5
Let x(h) = -2*h - 12. List the prime factors of x(-11).
2, 5
Let q be 568/6 - (-2)/(-3). Suppose -69 = -3*z + 2*r, -3*z + 2*r + q = z. What are the prime factors of z?
5
Suppose 4*b = 4*y - y - 71, 0 = -2*y - 5*b + 32. Let x = 3 - 1. Suppose -x*w + y = -7. What are the prime factors of w?
2, 7
Suppose 2*q + 2*z = -10, -z = 4*q - 2*q + 14. Suppose -5*m + 9 = 4*o, 0*m + 5*o = -4*m. Let l = m - q. What are the prime factors of l?
2, 7
Let j(s) = -18*s. Let k be j(-3). Suppose -4*x + k = 5*r, r - 24 = -r - 4*x. What are the prime factors of r?
2, 5
Suppose -3*k + 45 = -5*x, -3*x = -x - k + 18. Let q = x + 11. Suppose 5*z = 3*d + 90, -2*d + 10 = q*z + 2*d. List the prime factors of z.
3, 5
What are the prime factors of ((-15)/(-20))/((-2)/(-808))?
3, 101
Let c = -8 - -22. Suppose 12 = a + a. Let x = c - a. List the prime factors of x.
2
Suppose -2*c = -0*c. Let h be (c - 3/(-3))*7. Let u = h + 0. List the prime factors of u.
7
Let w be 1386/8 + 4/(-16). Suppose -w = -5*t - 18. List the prime factors of t.
31
Let f = 40 + -4. What are the prime factors of f?
2, 3
Suppose 0*l = -3*l + 63. What are the prime factors of l?
3, 7
Suppose 0*s = -s + 50. List the prime factors of s.
2, 5
Let n = 106 - 30. Let a 